
{"id":4609,"date":"2023-04-21T11:18:46","date_gmt":"2023-04-21T11:18:46","guid":{"rendered":"https:\/\/portugalcurated.pt\/newcuratedinvestments\/area-oporto-douro\/"},"modified":"2024-02-29T20:22:07","modified_gmt":"2024-02-29T20:22:07","slug":"area-oporto-douro","status":"publish","type":"page","link":"https:\/\/curated.pt\/pt\/area-oporto-douro\/","title":{"rendered":"Oporto &#038; Douro"},"content":{"rendered":"\r\n<p>Investir em neg\u00f3cios imobili\u00e1rios no Porto e no Douro \u00e9 uma oportunidade aliciante, enraizada no rico patrim\u00f3nio cultural e no dinamismo econ\u00f3mico desta regi\u00e3o do norte de Portugal.<\/p>\r\n<p>O Porto, \u00e9 uma cidade hist\u00f3rica com uma cultura urbana pr\u00f3spera, caves de vinho de renome e um centro da cidade classificado pela UNESCO. O Vale do Douro, famoso pelas suas vinhas em socalcos ao longo das margens do rio, oferece paisagens de cortar a respira\u00e7\u00e3o e est\u00e1 no cora\u00e7\u00e3o da mais antiga regi\u00e3o vin\u00edcola demarcada do mundo.<\/p>\r\n<p>A sinergia entre a vibra\u00e7\u00e3o urbana do Porto e a beleza c\u00e9nica do Douro cria uma gama diversificada de possibilidades imobili\u00e1rias, desde propriedades hist\u00f3ricas revitalizadas no Porto a quintas com vinhas no Vale do Douro. O crescimento econ\u00f3mico da regi\u00e3o, apoiado por sectores como o turismo, a tecnologia e a produ\u00e7\u00e3o de vinho, aumenta ainda mais o interesse dos investidores.<\/p>\r\n<p>O clima favor\u00e1vel ao investimento em Portugal e as iniciativas do governo para impulsionar o desenvolvimento econ\u00f3mico fazem do Porto e do Douro uma escolha estrat\u00e9gica para quem procura um investimento imobili\u00e1rio equilibrado e compensador, aliando a riqueza cultural ao potencial econ\u00f3mico.<\/p>\r\n<p>Para mais informa\u00e7\u00f5es, contacte-nos em <a href=\"mailto:contact@curated.pt\">contact@curated.pt<\/a><\/p>\r\n","protected":false},"excerpt":{"rendered":"<p>Investir em neg\u00f3cios imobili\u00e1rios no Porto e no Douro \u00e9 uma oportunidade aliciante, enraizada no rico patrim\u00f3nio cultural e no dinamismo econ\u00f3mico desta regi\u00e3o do norte de Portugal. O Porto,&#46;&#46;&#46;<\/p>\n","protected":false},"author":1,"featured_media":4578,"parent":0,"menu_order":0,"comment_status":"closed","ping_status":"closed","template":"page-templates\/default-page.php","meta":{"footnotes":""},"_links":{"self":[{"href":"https:\/\/curated.pt\/pt\/wp-json\/wp\/v2\/pages\/4609"}],"collection":[{"href":"https:\/\/curated.pt\/pt\/wp-json\/wp\/v2\/pages"}],"about":[{"href":"https:\/\/curated.pt\/pt\/wp-json\/wp\/v2\/types\/page"}],"author":[{"embeddable":true,"href":"https:\/\/curated.pt\/pt\/wp-json\/wp\/v2\/users\/1"}],"replies":[{"embeddable":true,"href":"https:\/\/curated.pt\/pt\/wp-json\/wp\/v2\/comments?post=4609"}],"version-history":[{"count":2,"href":"https:\/\/curated.pt\/pt\/wp-json\/wp\/v2\/pages\/4609\/revisions"}],"predecessor-version":[{"id":4658,"href":"https:\/\/curated.pt\/pt\/wp-json\/wp\/v2\/pages\/4609\/revisions\/4658"}],"wp:featuredmedia":[{"embeddable":true,"href":"https:\/\/curated.pt\/pt\/wp-json\/wp\/v2\/media\/4578"}],"wp:attachment":[{"href":"https:\/\/curated.pt\/pt\/wp-json\/wp\/v2\/media?parent=4609"}],"curies":[{"name":"wp","href":"https:\/\/api.w.org\/{rel}","templated":true}]}}

<p>Investir em negócios imobiliários no Porto e no Douro é uma oportunidade aliciante, enraizada no rico património cultural e no dinamismo económico desta região do norte de Portugal.</p>
<p>O Porto, é uma cidade histórica com uma cultura urbana próspera, caves de vinho de renome e um centro da cidade classificado pela UNESCO. O Vale do Douro, famoso pelas suas vinhas em socalcos ao longo das margens do rio, oferece paisagens de cortar a respiração e está no coração da mais antiga região vinícola demarcada do mundo.</p>
<p>A sinergia entre a vibração urbana do Porto e a beleza cénica do Douro cria uma gama diversificada de possibilidades imobiliárias, desde propriedades históricas revitalizadas no Porto a quintas com vinhas no Vale do Douro. O crescimento económico da região, apoiado por sectores como o turismo, a tecnologia e a produção de vinho, aumenta ainda mais o interesse dos investidores.</p>
<p>O clima favorável ao investimento em Portugal e as iniciativas do governo para impulsionar o desenvolvimento económico fazem do Porto e do Douro uma escolha estratégica para quem procura um investimento imobiliário equilibrado e compensador, aliando a riqueza cultural ao potencial económico.</p>
<p>Para mais informações, contacte-nos em <a href="mailto:contact@curated.pt">contact@curated.pt</a></p>

<p>Investir em negócios imobiliários no Porto e no Douro é uma oportunidade aliciante, enraizada no rico património cultural e no dinamismo económico desta região do norte de Portugal. O Porto,&#46;&#46;&#46;</p>
